{"id":1236,"date":"2018-03-21T10:21:08","date_gmt":"2018-03-21T10:21:08","guid":{"rendered":"http:\/\/www.gca-asso.fr\/?page_id=1236"},"modified":"2023-12-27T09:10:36","modified_gmt":"2023-12-27T09:10:36","slug":"newsletter-du-gca-le-chironote","status":"publish","type":"page","link":"http:\/\/www.gca-asso.fr\/?page_id=1236","title":{"rendered":"Newsletter du GCA \u00ab La Chiro\u2019Note \u00bb"},"content":{"rendered":"<p><a href=\"http:\/\/www.gca-asso.fr\/wp-content\/uploads\/2012\/02\/numero01-newsletter-GCA.pdf\">Num\u00e9ro 01 &#8211; printemps 2014<\/a><a href=\"http:\/\/www.gca-asso.fr\/wp-content\/uploads\/2012\/02\/numero02.pdf\"><br \/>Num\u00e9ro 02 &#8211; \u00e9t\u00e9 2014<\/a><a href=\"http:\/\/www.gca-asso.fr\/wp-content\/uploads\/2012\/02\/numero02.pdf\"><br style=\"text-align: justify;\" \/><\/a><a href=\"http:\/\/www.gca-asso.fr\/wp-content\/uploads\/2012\/02\/newsletter_3.pdf\">Num\u00e9ro 03 &#8211; automne 2014<br \/><\/a><a href=\"http:\/\/www.gca-asso.fr\/wp-content\/uploads\/2012\/02\/newsletter_4.pdf\">Num\u00e9ro 04 &#8211; hiver 2014-2015<\/a><a href=\"http:\/\/www.gca-asso.fr\/wp-content\/uploads\/2012\/02\/newsletter_3.pdf\"><br \/><\/a><a href=\"http:\/\/www.gca-asso.fr\/wp-content\/uploads\/2012\/02\/newsletter_5.pdf\">Num\u00e9ro 05 &#8211; printemps 2015<br \/><\/a><a href=\"http:\/\/www.gca-asso.fr\/wp-content\/uploads\/2012\/02\/newsletter_6.pdf\">Num\u00e9ro 06 &#8211; \u00e9t\u00e9 2015<br \/><\/a><a href=\"http:\/\/www.gca-asso.fr\/wp-content\/uploads\/2016\/11\/GCA_Newsletter7.pdf\">Num\u00e9ro 07 &#8211; automne 2016<\/a><br \/><a href=\"http:\/\/www.gca-asso.fr\/wp-content\/uploads\/2012\/02\/GCA_Newsletter8.pdf\">Num\u00e9ro 08\u00a0&#8211; printemps 2017 <\/a><br \/><a href=\"http:\/\/www.gca-asso.fr\/wp-content\/uploads\/2012\/02\/ChiroNote9.pdf\">Num\u00e9ro 09 &#8211; automne 2017<\/a><br \/><a href=\"http:\/\/www.gca-asso.fr\/wp-content\/uploads\/2018\/06\/ChiroNote10.pdf\">Num\u00e9ro 10 &#8211; printemps 2018<\/a><br \/><a href=\"http:\/\/www.gca-asso.fr\/wp-content\/uploads\/2018\/12\/Newsletter11.pdf\">Num\u00e9ro 11 &#8211; automne 2018<\/a><br \/><a href=\"http:\/\/www.gca-asso.fr\/wp-content\/uploads\/2019\/06\/ChiroNote12.pdf\">Num\u00e9ro 12 &#8211; printemps 2019<\/a><br \/><a href=\"http:\/\/www.gca-asso.fr\/wp-content\/uploads\/2020\/03\/ChiroNote13.pdf\">Num\u00e9ro 13 &#8211; automne 2019<\/a><br \/><a href=\"http:\/\/www.gca-asso.fr\/wp-content\/uploads\/2020\/07\/Newsletter14.pdf\">Num\u00e9ro 14 &#8211; printemps 2020<\/a><br \/><a href=\"http:\/\/www.gca-asso.fr\/wp-content\/uploads\/2021\/02\/ChiroNote_15.pdf\">Num\u00e9ro 15 &#8211; automne 2020<\/a><br \/><a href=\"http:\/\/www.gca-asso.fr\/wp-content\/uploads\/2021\/07\/ChiroNote_16.pdf\">Num\u00e9ro 16 &#8211; printemps 2021<\/a><\/p>\n<p>\u00a0<\/p>\n\n\n<div class=\"wp-block-file\"><a href=\"http:\/\/www.gca-asso.fr\/wp-content\/uploads\/2023\/12\/ChiroNote17_w.pdf\">Num\u00e9ro 17 &#8211; hiver 2023<\/a><a href=\"http:\/\/www.gca-asso.fr\/wp-content\/uploads\/2023\/12\/ChiroNote17_w.pdf\" class=\"wp-block-file__button\" download>T\u00e9l\u00e9charger<\/a><\/div>\n","protected":false},"excerpt":{"rendered":"<p>Num\u00e9ro 01 &#8211; printemps 2014Num\u00e9ro 02 &#8211; \u00e9t\u00e9 2014Num\u00e9ro 03 &#8211; automne 2014Num\u00e9ro 04 &#8211; hiver 2014-2015Num\u00e9ro 05 &#8211; printemps 2015Num\u00e9ro 06 &#8211; \u00e9t\u00e9 2015Num\u00e9ro 07 &#8211; automne 2016Num\u00e9ro 08\u00a0&#8211; printemps 2017 Num\u00e9ro 09 &#8211; automne 2017Num\u00e9ro 10 &#8211; printemps &hellip; <a href=\"http:\/\/www.gca-asso.fr\/?page_id=1236\">Continuer la lecture <span class=\"meta-nav\">&rarr;<\/span><\/a><\/p>\n","protected":false},"author":2,"featured_media":0,"parent":0,"menu_order":0,"comment_status":"closed","ping_status":"closed","template":"","meta":{"footnotes":""},"class_list":["post-1236","page","type-page","status-publish","hentry"],"_links":{"self":[{"href":"http:\/\/www.gca-asso.fr\/index.php?rest_route=\/wp\/v2\/pages\/1236","targetHints":{"allow":["GET"]}}],"collection":[{"href":"http:\/\/www.gca-asso.fr\/index.php?rest_route=\/wp\/v2\/pages"}],"about":[{"href":"http:\/\/www.gca-asso.fr\/index.php?rest_route=\/wp\/v2\/types\/page"}],"author":[{"embeddable":true,"href":"http:\/\/www.gca-asso.fr\/index.php?rest_route=\/wp\/v2\/users\/2"}],"replies":[{"embeddable":true,"href":"http:\/\/www.gca-asso.fr\/index.php?rest_route=%2Fwp%2Fv2%2Fcomments&post=1236"}],"version-history":[{"count":11,"href":"http:\/\/www.gca-asso.fr\/index.php?rest_route=\/wp\/v2\/pages\/1236\/revisions"}],"predecessor-version":[{"id":1799,"href":"http:\/\/www.gca-asso.fr\/index.php?rest_route=\/wp\/v2\/pages\/1236\/revisions\/1799"}],"wp:attachment":[{"href":"http:\/\/www.gca-asso.fr\/index.php?rest_route=%2Fwp%2Fv2%2Fmedia&parent=1236"}],"curies":[{"name":"wp","href":"https:\/\/api.w.org\/{rel}","templated":true}]}}